on factor of 35520 and 28320?
480
What is the highest common divisor of 362480 and 184?
184
Calculate the highest common divisor of 10 and 185710.
10
What is the greatest common divisor of 323 and 38190?
19
What is the highest common divisor of 6 and 3670818?
6
What is the highest common factor of 4836 and 84708?
156
What is the greatest common divisor of 1312137 and 5022?
279
What is the greatest common factor of 48 and 264456?
24
Calculate the greatest common divisor of 6076 and 3724.
196
Calculate the greatest common factor of 56 and 1497545.
7
What is the highest common factor of 236 and 8908764?
236
What is the highest common factor of 145712 and 56?
56
Calculate the greatest common factor of 2071 and 37012.
19
What is the greatest common factor of 2620 and 60?
20
What is the greatest common divisor of 8 and 863000?
8
Calculate the highest common factor of 99 and 6468.
33
What is the highest common factor of 78 and 113984?
26
Calculate the highest common factor of 9 and 4311.
9
What is the highest common divisor of 54188 and 12?
4
Calculate the highest common divisor of 884146 and 7049.
1007
What is the greatest common factor of 759 and 51227?
11
Calculate the highest common divisor of 490 and 1230047.
49
What is the highest common divisor of 30 and 239970?
30
Calculate the highest common divisor of 9118 and 1222.
94
What is the greatest common factor of 55226 and 106?
106
What is the greatest common factor of 8712 and 4248?
72
What is the greatest common divisor of 448 and 880?
16
What is the greatest common divisor of 707 and 12518849?
707
Calculate the highest common factor of 32 and 161632.
32
Calculate the highest common divisor of 24930 and 225.
45
Calculate the greatest common factor of 3071 and 74.
37
What is the highest common divisor of 183749 and 1018?
509
Calculate the greatest common factor of 82143 and 477.
9
What is the highest common divisor of 5483 and 3?
1
What is the highest common divisor of 3549 and 7203?
21
What is the highest common factor of 307004 and 46?
46
Calculate the greatest common factor of 581 and 1326340.
83
Calculate the greatest common divisor of 270 and 422390.
10
What is the highest common factor of 29477 and 14?
7
What is the greatest common factor of 1830 and 9510?
30
Calculate the highest common divisor of 394398 and 18.
18
What is the highest common divisor of 1934546 and 824?
206
Calculate the highest common factor of 1710 and 12840.
30
Calculate the highest common divisor of 11 and 119493.
11
Calculate the greatest common factor of 77724 and 36.
36
Calculate the highest common divisor of 768 and 189312.
384
What is the greatest common divisor of 32 and 75104?
32
What is the highest common factor of 5621 and 3619?
77
What is the highest common factor of 746 and 35435?
373
Calculate the highest common divisor of 688 and 14018.
86
Calculate the greatest common factor of 349689 and 123.
123
What is the highest common factor of 37982 and 56?
14
What is the highest common divisor of 754 and 14456?
26
Calculate the highest common divisor of 1393908 and 60.
12
Calculate the greatest common factor of 190 and 311942.
38
Calculate the greatest common factor of 100 and 513550.
50
Calculate the greatest common divisor of 1262 and 8.
2
Calculate the greatest common divisor of 249 and 1536.
3
Calculate the greatest common factor of 37555 and 580.
145
What is the highest common divisor of 940 and 258970?
470
What is the highest common divisor of 749 and 954975?
749
What is the highest common divisor of 305 and 382226?
61
What is the highest common divisor of 1696 and 421856?
32
Calculate the highest common divisor of 36212 and 319.
11
Calculate the greatest common factor of 483143 and 415.
83
What is the highest common divisor of 326 and 818?
2
Calculate the highest common divisor of 62310 and 21855.
465
What is the greatest common divisor of 773510 and 10?
10
Calculate the highest common divisor of 529576 and 4664.
424
What is the highest common factor of 2363 and 4031?
139
Calculate the greatest common factor of 18 and 47598.
6
Calculate the highest common factor of 508 and 332.
4
What is the highest common factor of 94570 and 70445?
965
What is the highest common divisor of 234002 and 2?
2
What is the greatest common factor of 22 and 57299?
11
What is the greatest common divisor of 60 and 102495?
15
What is the greatest common factor of 12740 and 57694?
182
Calculate the greatest common divisor of 13485 and 1488.
93
What is the greatest common divisor of 4880 and 6283?
61
What is the greatest common factor of 85 and 92145?
5
What is the greatest common factor of 87986 and 812?
58
Calculate the highest common factor of 357861 and 63.
21
What is the highest common factor of 57876 and 117?
39
What is the highest common divisor of 1440 and 91305?
45
Calculate the greatest common divisor of 133822 and 26.
26
What is the highest common factor of 17260 and 420?
20
Calculate the highest common divisor of 1952 and 12566.
122
What is the highest common factor of 23875 and 250?
125
Calculate the greatest common factor of 142 and 21087.
71
What is the highest common divisor of 4393 and 437?
23
What is the highest common divisor of 9729735 and 15?
15
What is the greatest common factor of 38 and 1135364?
38
What is the highest common divisor of 142 and 11712?
2
What is the greatest common factor of 7869 and 129?
129
Calculate the greatest common divisor of 1848 and 38688.
24
Calculate the greatest common factor of 400799 and 434.
217
What is the greatest common factor of 34 and 698?
2
Calculate the highest common divisor of 71918 and 56.
14
Calculate the highest common divisor of 130 and 36530.
130
Calculate the greatest common factor of 728 and 3913.
91
What is the greatest common divisor of 57343 and 39?
13
Calculate the greatest common factor of 5312 and 1216.
64
What is the greatest common factor of 506 and 704605?
253
What is the highest common factor of 120 and 20085?
15
Calculate the highest common divisor of 1416 and 40002.
354
Calculate the greatest common divisor of 2320 and 4560.
80
What is the greatest common divisor of 48 and 83208?
24
What is the greatest common divisor of 148 and 14171?
37
What is the greatest common divisor of 7098 and 1874886?
1014
What is the highest common factor of 171 and 4113?
9
Calculate the highest common divisor of 138 and 768.
6
What is the highest common divisor of 805 and 16205?
35
Calculate the greatest common factor of 1813825 and 650.
325
Calculate the greatest common factor of 1027867 and 62.
31
Calculate the greatest common factor of 56055 and 74.
37
Calculate the greatest common factor of 35396 and 4.
4
Calculate the greatest common factor of 8315 and 40.
5
What is the highest common factor of 418 and 6118?
38
What is the greatest common divisor of 214 and 62?
2
What is the highest common divisor of 19285 and 1421?
203
Calculate the greatest common factor of 4016 and 48.
16
Calculate the highest common factor of 4485 and 990.
15
Calculate the greatest common divisor of 208100 and 76.
4
What is the highest common divisor of 6727532 and 140?
28
Calculate the highest common factor of 309831 and 2919.
417
Calculate the greatest common divisor of 912 and 68992.
16
What is the highest common factor of 12 and 20319?
3
What is the greatest common divisor of 5336 and 19488?
232
What is the greatest common factor of 69057 and 45?
9
What is the highest common factor of 48 and 812?
4
What is the highest common factor of 4719194 and 542?
542
What is the greatest common factor of 39 and 17709?
3
Calculate the greatest common factor of 189 and 611835.
21
Calculate the greatest common divisor of 17015 and 2075.
415
What is the greatest common factor of 1087237 and 19?
19
Calculate the greatest common divisor of 15 and 1041.
3
Calculate the greatest common divisor of 221 and 20189.
13
Calculate the greatest common factor of 17760 and 1665.
555
Calculate the greatest common factor of 328975 and 50.
25
Calculate the highest common factor of 38862 and 1651.
127
Calculate the highest common divisor of 9688 and 2535488.
1384
Calculate the greatest common divisor of 117 and 4303.
13
What is the highest common factor of 290 and 4730?
10
What is the highest common factor of 38479 and 1673?
1